8
Let l(w) = 18*w**3 - 34*w**2 - 33*w + 9. Calculate l(-1).
-10
Let b(f) = -4*f**3 + 198*f**2 + 85*f + 756. Calculate b(50).
6
Let v(r) = -443*r - 3978. Give v(-9).
9
Let m(k) = k**2 - 81*k - 1349. What is m(95)?
-19
Let s(h) = -h**3 - 33*h**2 + 150*h - 11. Give s(4).
-3
Let g(q) = 2*q**3 - 7*q**2 - q + 14. Determine g(3).
2
Let g(p) = 41*p - 337. Calculate g(9).
32
Let g(x) = x**3 + 48*x**2 - 44*x + 104. Determine g(-49).
-141
Let a(k) = 2*k**3 - 9*k**2 + 4*k + 14. Calculate a(5).
59
Let u(q) = 3*q**2 + 57*q + 151. Calculate u(-16).
7
Let g(j) = 11*j + 206. What is g(21)?
437
Let b(j) = 45*j**2 + 119*j + 113. Calculate b(-1).
39
Let q(u) = 1294*u - 28480. Give q(22).
-12
Let b(q) = -758*q**2 + 14405*q - 16. Determine b(19).
41
Let r(w) = 38*w - 1238. Give r(32).
-22
Let a(p) = -83*p + 89. Give a(1).
6
Let y(j) = 7*j**2 + 117*j + 551. Calculate y(-5).
141
Let i(v) = -2*v - 277. Give i(7).
-291
Let l(j) = -7*j**2 - 9*j + 21. Calculate l(5).
-199
Let a(y) = 12*y - 147. Determine a(12).
-3
Let p(n) = 4190*n - 150854. Calculate p(36).
-14
Let t(p) = 2*p**3 + 219*p**2 - 104*p + 663. Determine t(-110).
3
Let w(u) = -4*u**2 - 10*u - 23. What is w(-4)?
-47
Let a(x) = 3*x**2 + 73*x - 161. Give a(-34).
825
Let v(q) = -7*q**3 + 97*q**2 + 21*q - 46. What is v(14)?
52
Let s(x) = 44*x**3 - 2507*x**2 - 61*x + 225. Determine s(57).
-3
Let q(d) = -5*d**2 + 13*d - 17. Give q(4).
-45
Let c(o) = -o**3 - 33*o**2 - 68*o - 193. What is c(-31)?
-7
Let g(c) = -926*c + 6564. Determine g(7).
82
Let g(r) = 21*r + 311. Calculate g(-43).
-592
Let f(i) = -i**3 + 25*i**2 - 5*i + 144. What is f(25)?
19
Let l(m) = -15*m + 452. Calculate l(27).
47
Let c(b) = b**3 - 34*b**2 + 153*b - 34. Determine c(5).
6
Let w(t) = -2*t**2 - 42*t - 371. Give w(-18).
-263
Let p(d) = 62*d + 106. Give p(3).
292
Let g(q) = -14*q - 100. Give g(-5).
-30
Let p(r) = -4269*r + 12818. Calculate p(3).
11
Let r(s) = 27*s - 2579. What is r(96)?
13
Let b(m) = 4*m**3 - 6*m**2 - 21*m - 1. Calculate b(-2).
-15
Let y(m) = -3*m**2 + 206*m + 502. Give y(71).
5
Let s(f) = -2*f**2 + 111*f - 8. What is s(0)?
-8
Let l(t) = -2*t**3 - 5*t**2 + 14*t + 1. Determine l(-6).
169
Let o(i) = -21*i + 119. What is o(10)?
-91
Let c(t) = t**3 - 2*t**2 - 2*t - 46. Determine c(0).
-46
Let z(o) = -o**3 - 39*o**2 - 43*o + 153. Give z(-38).
343
Let t(k) = k**3 - 9*k**2 + 25*k - 3. Give t(5).
22
Let w(d) = -379*d - 28043. Give w(-74).
3
Let i(m) = -m**2 - 77*m - 220. What is i(-74)?
2
Let u(i) = -i**3 + 57*i**2 + 55*i + 188. What is u(58)?
14
Let t(w) = -9*w**2 + 21*w + 21. Determine t(-1).
-9
Let h(v) = -3*v**2 + 62*v + 17. Determine h(22).
-71
Let y(a) = -134*a - 630. Calculate y(-5).
40
Let p(g) = 1891*g + 20813. Determine p(-11).
12
Let w(g) = 2*g**3 + 96*g**2 + 5*g + 72. Determine w(-48).
-168
Let f(m) = -2*m**2 - 49*m - 504. Calculate f(-14).
-210
Let u(r) = 2*r**2 + 7*r + 71. Calculate u(8).
255
Let v(g) = -93*g + 4. Calculate v(-1).
97
Let a(c) = c**3 + 11*c**2 - 52*c + 74. What is a(-15)?
-46
Let s(n) = 83*n + 900. Calculate s(-11).
-13
Let t(j) = -2*j**3 - 31*j**2 + 54*j - 11. Calculate t(-17).
-62
Let v(r) = 17*r - 40. Determine v(6).
62
Let a(x) = -2*x**2 + 6*x + 96. Give a(-6).
-12
Let m(s) = -62*s - 1070. What is m(-16)?
-78
Let g(j) = 5*j**3 - 3*j**2 + 32*j - 63. Calculate g(2).
29
Let s(l) = 5*l**3 - 2*l**2 - 53*l - 51. Determine s(-1).
-5
Let u(q) = -38*q**2 - 54*q. Calculate u(-2).
-44
Let k(m) = -1187*m - 84276. What is k(-71)?
1
Let i(g) = -163*g + 14988. Calculate i(92).
-8
Let g(f) = -113*f + 3792. What is g(32)?
176
Let k(m) = m**3 + 34*m**2 - 70*m + 103. Calculate k(-36).
31
Let k(r) = -104*r - 1757. Determine k(-17).
11
Let h(c) = 155*c**2 - 2323*c - 24. Give h(15).
6
Let s(z) = 669*z + 137820. Give s(-206).
6
Let o(d) = 6*d**2 + 136*d + 179. What is o(-21)?
-31
Let r(y) = y**3 - 5*y**2 - 15*y + 28. What is r(5)?
-47
Let c(b) = 221*b - 4673. Determine c(21).
-32
Let w(u) = 6*u - 26. Calculate w(-3).
-44
Let q(m) = m**2 + 7*m - 358. Calculate q(-23).
10
Let p(d) = -42*d**2 + 633*d - 37. What is p(15)?
8
Let v(b) = -b**3 + 22*b**2 + 71*b + 126. Give v(25).
26
Let r(v) = 2*v**2 - 2743*v + 47. Determine r(0).
47
Let s(z) = -z**2 + 2*z - 43. Give s(10).
-123
Let m(q) = -3*q**3 + 9*q**2 + 13*q - 9. Determine m(4).
-5
Let p(w) = w**3 + 10*w**2 + 3*w - 39. Calculate p(-7).
87
Let w(m) = -1063*m - 6449. What is w(-6)?
-71
Let f(x) = -6*x**2 - 403*x - 36. What is f(-67)?
31
Let m(n) = -n**3 - 6*n**2 + 37*n - 226. Give m(-11).
-28
Let u(n) = n**3 + 18*n**2 + 7*n - 246. What is u(-16)?
154
Let m(x) = -23199*x + 14. Determine m(0).
14
Let y(m) = 16*m**2 + 197*m + 30. Determine y(-12).
-30
Let i(f) = f**3 - 11*f**2 + 44*f - 170. Calculate i(8).
-10
Let l(f) = -f**3 + 70*f**2 - 144*f + 485. What is l(68)?
-59
Let g(q) = -1819*q - 5468. Give g(-3).
-11
Let o(y) = 8*y**2 + 171*y - 720. Give o(-25).
5
Let m(v) = -340*v + 842. What is m(3)?
-178
Let d(p) = 8*p**3 - 47*p**2 - 2*p - 13. What is d(6)?
11
Let l(f) = -2*f**3 - 29*f**2 - 14*f - 32. Determine l(-14).
-32
Let p(n) = 3*n**3 - 50*n**2 + 34*n - 26. Give p(16).
6
Let c(h) = -5*h**2 - 46*h - 72. Determine c(-9).
-63
Let k(s) = -64*s**2 - 776*s - 90. Calculate k(-12).
6
Let q(t) = -55*t + 1898. Give q(37).
-137
Let k(w) = 52*w - 737. What is k(15)?
43
Let d(t) = -8*t**3 + 53*t**2 - 89*t. Give d(3).
-6
Let x(k) = 6*k**2 - 9*k + 12. Calculate x(8).
324
Let v(w) = 18*w - 357. Give v(19).
-15
Let n(y) = -37*y**3 - y**2 + 2*y. Give n(1).
-36
Let v(b) = 2*b**3 - 7*b**2 - 148*b - 9. Give v(-7).
-2
Let q(i) = -3*i**3 - 8*i**2 - 20*i - 98. Calculate q(-7).
679
Let u(c) = -17*c**2 + 450*c - 2407. Calculate u(19).
6
Let u(w) = -w**3 + 152*w**2 - 769*w + 4999. Give u(147).
1
Let v(n) = -n**3 + 7*n**2 - 104. Determine v(6).
-68
Let i(l) = 794*l + 2470. What is i(-3)?
88
Let f(c) = -390*c - 1967. Give f(-5).
-17
Let b(j) = -4*j**2 + 34*j - 32. Give b(7).
10
Let g(y) = -1049*y - 2198. What is g(-2)?
-100
Let r(z) = -2*z**2 - 6*z + 309. Determine r(-24).
-699
Let m(x) = -20*x**3 + 199*x**2 + 11*x - 8. Calculate m(10).
2
Let d(v) = 37*v**3 + v**2 + 105*v + 105. Give d(-1).
-36
Let w(i) = i**2 - 101*i + 2045. Give w(28).
1
Let k(r) = -r**3 + r**2 - 34. Give k(0).
-34
Let t(m) = -m**3 - 14*m**2 + 62*m - 15. Calculate t(4).
-55
Let z(j) = -j**3 + 16*j**2 - 44*j - 114. Give z(11).
7
Let d(i) = i**3 - 56*i**2 + 22*i + 1780. What is d(55)?
-35
Let a(h) = -200*h + 1922. Give a(10).
-78
Let v(h) = -h**2 + 27*h + 112. What is v(25)?
162
Let i(z) = -z**3 + 27*z**2 + 132*z - 72. Determine i(31).
176
Let p(a) = 26*a + 1435. Determine p(-55).
5
Let a(i) = -i**3 + 22*i**2 + 19*i + 50. What is a(22)?
468
Let k(g) = -g**3 + 10*g**2 + 91*g - 831. Calculate k(11).
49
Let s(f) = 3*f**2 - 24*f + 82. What is s(10)?
142
Let f(c) = -c**2 + 93*c - 2155. What is f(50)?
-5
Let t(i) = -24*i - 1844. Give t(-77).
4
Let u(h) = 2*h**3 - 64*h**2 + 117*h - 1714. Determine u(31).
-9
Let c(i) = 23*i + 85. What is c(-5)?
-30
Let w(j) = -j**3 - 19*j**2 + 55*j - 38. What is w(-22)?
204
Let q(a) = a**2 + 18*a + 40. Determine q(-11).
-37
Let u(c) = -c**3 - 23*c**2 - 27*c + 70. Give u(-21).
-245
Let b(k) = 8*k + 13. Calculate b(-3).
-11
Let u(w) = -w**3 - 15*w**2 - 6*w - 48. Determine u(-16).
304
Let w(b) = -b**2 + 570*b + 10. Determine w(0).
10
Let y(g) = -26*g - 46. What is y(-13)?
292
Let d(s) = -28*s**3 + 4*s**2 + 3. Determine d(2).
-205
Let h(g) = -g**3 - 16*g**2 + 10*g - 113. What is h(-17)?
6
Let n(u) = -3*u**3 - 37*u**2 - 16*u - 539. Give n(-13).
7
Let y(s) = 12*s**2 + 276*s - 43. What is y(-23)?
-43
Let d(i) = -i**3 + 27*i**2 - 744*i + 4735. Calculate d(8).
-1
Let y(p) = -3*p**2 - 301*p + 301. Calculate y(1).
-3
Let i(m) = 11*m + 62. What is i(-8)?
-26
Let u(p) = -p**2 - 1298*p + 2598. Calculate u(2).
-2
Let g(i) = -i**2 + 9*i - 64. Give g(13).
-116
Let r(x) = -728*x - 5845. Determine r(-8).
-21
Let s(g) = 53*g**2 - 6*g + 5. What is s(1)?
52
Let j(z) = 58*z + 1729. Give j(-30).
-11
Let b(c) = 2*c**2 - 6*c - 186. Give b(11).
-10
Let u(m) = -2*m**2 - 87*m - 164. Give u(-41).
41
Let a(l) = -l**3 - 29*l**2 - 196*l + 20. Determine a(-19).
134
Let c(v) = 2*v**3 - v**2 - 27*v - 34. Determine c(-3).
-16
Let s(p) = -2*p**2 + 32*p - 88. Calculate s(12).
8
Let y(w) = 168*w**2 - 6544*w - 308. Calculate y(39).
4
Let z(y) = -226*y - 5